What is 222101022201 (base 3) in base 8?
1766163
What is 135455032 (base 7) in base 12?
2b9519a
What is 12ee26 (base 15) in base 9?
1637660
What is 50311057 (base 8) in base 9?
21827883
What is -b9649 (base 13) in base 9?
-560503
Convert 1220121212020 (base 3) to base 7.
11431314
Convert 267612a (base 11) to base 10.
4620054
Convert -629463 (base 13) to base 15.
-308140
-988601 (base 11) to base 5
-400443322
Convert 10931028 (base 10) to base 16.
a6cb54
53011410 (base 6) to base 10
1541310
What is -2221400 (base 7) in base 8?
-1027515
What is 4bdc (base 15) in base 8?
37466
What is -124102340 (base 7) in base 5?
-4010301101
What is 10414320 (base 7) in base 5?
212112310
What is 7635489 (base 11) in base 9?
27221514
134c6 (base 13) to base 4
20302112
2211403 (base 5) to base 16
95d1
What is 283232 (base 10) in base 6?
10023132
Convert -1721677 (base 8) to base 2.
-1111010001110111111
29a44c2 (base 13) to base 6
1152510011
-4122466 (base 7) to base 13
-1435c6
What is 339708 (base 14) in base 3?
10022011010110
-304058 (base 9) to base 12
-88298
What is 163251106 (base 7) in base 12?
3876627
115c4 (base 14) to base 16
a548
5963604 (base 10) to base 13
130a57a
-201112113110 (base 4) to base 5
-4214223411
Convert 5f15 (base 16) to base 5.
1234331
What is 22234231 (base 6) in base 15?
d48a4
What is -1716274 (base 9) in base 2?
-11101001011000101100
What is -148a5a (base 14) in base 8?
-2565330
What is -202100222210 (base 3) in base 5?
-100312234
Convert 39984 (base 11) to base 14.
16b35
Convert -8911 (base 15) to base 16.
-7171
What is 19fca7 (base 16) in base 7?
20322150
What is 31421022 (base 6) in base 15?
132a95
Convert -1400051 (base 8) to base 11.
-249507
What is 6598898 (base 10) in base 2?
11001001011000011110010
Convert -794489 (base 11) to base 10.
-1265031
What is 1000100001101001000001011 (base 2) in base 14?
2535c39
What is -2206090 (base 10) in base 16?
-21a98a
1101033 (base 5) to base 3
221220202
-1104503 (base 8) to base 12
-124057
22604100 (base 7) to base 10
1984647
What is 5808 (base 11) in base 3?
101110122
-101131120 (base 5) to base 2
-1100100011100010010
1527706 (base 9) to base 14
18019a
-22321120102 (base 4) to base 2
-1010111001011000010010
cd02 (base 16) to base 11
36481
Convert -212043042 (base 6) to base 11.
-212373a
Convert 2901aa (base 12) to base 2.
10100111001000010010
What is -737334 (base 8) in base 7?
-2041436
Convert -1102010021222 (base 3) to base 8.
-2671424
What is 246478 (base 12) in base 2?
10010000011100011100
Convert 23102663 (base 8) to base 5.
2240434323
Convert -11211001211 (base 3) to base 7.
-543304
Convert -b78a (base 12) to base 15.
-5e67
What is -43561310 (base 8) in base 11?
-5316490
What is -221011001112 (base 3) in base 10?
-495032
What is -3231002202 (base 4) in base 3?
-1211022211210
What is 10001011210121 (base 3) in base 7?
16514521
What is -1110000011111101010 (base 2) in base 16?
-707ea
-1062594 (base 12) to base 8
-13703300
Convert 10041330231 (base 5) to base 9.
21011481
-48b648 (base 13) to base 14
-3339d3
Convert -11332562 (base 7) to base 12.
-4026bb
-21a188 (base 11) to base 16
-5583e
Convert -232a6 (base 13) to base 12.
-3118b
Convert -1a9a8a1 (base 14) to base 5.
-11400021134
Convert -402351 (base 6) to base 3.
-1121110011
Convert 25040323 (base 6) to base 5.
201022314
-1132213310 (base 4) to base 6
-12150152
What is 76981 (base 13) in base 14?
58383
30012223 (base 4) to base 14
140d5
What is 134731 (base 10) in base 6?
2515431
Convert -c89b8 (base 13) to base 6.
-11431500
470402 (base 8) to base 5
20110002
-1011001010101011 (base 2) to base 4
-23022223
What is 333120330 (base 4) in base 12?
106310
What is 1850795 (base 11) in base 16?
2fd2ad
-13b9ec (base 16) to base 13
-363578
Convert -101101011101010001 (base 2) to base 11.
-117987
Convert 20042003 (base 6) to base 14.
10a123
Convert 203103331 (base 5) to base 10.
831716
What is -7677446 (base 8) in base 4?
-13313330212
133000121 (base 5) to base 15
d4141
What is 10212211102120 (base 3) in base 7?
23352456
Convert -20200222021 (base 3) to base 12.
-64421
What is -67a81 (base 14) in base 4?
-331132001
Convert -10010001111011110000 (base 2) to base 13.
-17c0c4
-878941 (base 13) to base 5
-1304030141
What is 1231000223 (base 5) in base 16?
2d89f6
245904 (base 11) to base 8
1366476
Convert -190048 (base 11) to base 15.
-5bb9c
-175c9c4 (base 14) to base 8
-53746340
What is 13221202 (base 4) in base 13?
11350
What is -4a5c9 (base 16) in base 4?
-1022113021
Convert 341103434 (base 5) to base 11.
937767
165274 (base 12) to base 15
783e4
561536 (base 7) to base 4
120023300
110010100101011000 (base 2) to base 4
302211120
Convert -2421201 (base 6) to base 15.
-27ab7
Convert -11100100010011 (base 2) to base 4.
-3210103
Convert -111420 (base 13) to base 14.
-a6ac1
Convert -10110111000111110101 (base 2) to base 10.
-750069
Convert 45b253 (base 12) to base 11.
6a4278
-81012 (base 12) to base 9
-274845
43834 (base 13) to base 8
356566
Convert 652a0 (base 16) to base 4.
1211022200
10021220212 (base 3) to base 16
fd37
Convert 219777 (base 13) to base 15.
109ad6
-421027 (base 8) to base 10
-139799
Convert 234b61 (base 13) to base 7.
10063023
-8443870 (base 10) to base 6
-500551554
Convert 54ae43 (base 16) to base 3.
101102221200001
254504254 (base 6) to base 14
93ab90
Convert -c6307 (base 15) to base 10.
-628432
220111120102 (base 3) to base 6
14200445
Convert -30100201211 (base 4) to base 9.
-6036868
What is -93ca (base 13) in base 16?
-4fde
What is 162c0 (base 16) in base 9?
147516
Convert e4a3c (base 15) to base 5.
141141212
1299ba3 (base 13) to base 14
ac33b3
1211185 (base 9) to base 15
ce9e2
442203111 (base 5) to base 13
51c8c8
b389 (base 13) to base 15
7527
Convert 6002 (base 16) to base 6.
305442
What is -a71669 (base 11) in base 7?
-20402243
-61844 (base 10) to base 16
-f194
-62868 (base 14) to base 9
-401878
Convert -1035a3 (base 11) to base 14.
-445a2
What is -121845b (base 12) in base 16?
-35b187
-1010000011110001000 (base 2) to base 10
-329608
What is 1162496 (base 15) in base 7?
210631011
Convert ef99 (base 16) to base 14.
184d3
What is a70b57 (base 13) in base 2?
1110111011110000100100
-31024 (base 8) to base 13
-5ab2
What is 11152242 (base 6) in base 7?
2621162
b8c7 (base 15) to base 5
2222422
Convert -20bc7 (base 15) to base 10.
-103912
-32a460 (base 11) to base 2
-10000000011111010111
What is 69658 (base 11) in base 6?
2053450
Convert 77083 (base 15) to base 2.
1011100010100001011
3311030002 (base 4) to base 6
33305254
What is 52114564 (base 7) in base 8?
20536574
8bb011 (base 13) to base 7
40060226
What is -1c744 (base 14) in base 11?
-4a750
Convert 328026 (base 10) to base 2.
1010000000101011010
What is 11371 (base 14) in base 16?
a377
-10780a (base 14) to base 9
-1041237
-38406 (base 14) to base 16
-21b06
What is -a0c22b (base 15) in base 9?
-15325805
Convert -28546 (base 11) to base 10.
-40585
What is -3120123 (base 6) in base 9?
-248256
-2257585 (base 12) to base 7
-106660556
4152120 (base 8) to base 9
2060835
-2131210032 (base 4) to base 5
-131123030
Convert -7272396 (base 10) to base 9.
-14613760
Convert -551bc (base 15) to base 4.
-1002001002
What is -232131000000 (base 4) in base 2?
-101110011101000000000000
Convert 9d850 (base 16) to base 5.
131121300
326461 (base 12) to base 13
21c895
What is 193336 (base 15) in base 4?
10223101323
Convert -53a098 (base 14) to base 8.
-12633106
Convert -7b7da (base 15) to base 9.
-658427
What is 34504645 (base 7) in base 13?
81ca00
Convert -391a58 (base 12) to base 14.
-1a5348
What is 125a77 (base 12) in base 15?
5e06a
-1201040 (base 6) to base 3
-10011122220
bcb45 (base 15) to base 4
2102131223
Convert -1150540 (base 7) to base 12.
-70aba
What is -14244312 (base 5) in base 15?
-2e672
What is 323565 (base 10) in base 13?
b4378
Convert -2c51a (base 15) to base 8.
-427064
-12a551 (base 11) to base 12
-9a294
Convert 5958152 (base 10) to base 16.
5aea08
What is -2350015 (base 6) in base 12?
-5b30b
Convert -1c424 (base 13) to base 6.
-1105315
Convert -796257 (base 13) to base 15.
-3ba42c
What is 9478 (base 11) in base 3?
122012202
Convert -1402ea (base 16) to base 13.
-36bc20
What is 2211131030 (base 4) in base 12?
288238
-246157 (base 11) to base 6
-12200055
What is 31212121 (base 4) in